{"id":3,"date":"2023-08-28T14:21:26","date_gmt":"2023-08-28T14:21:26","guid":{"rendered":"https:\/\/ekotasche.com\/?page_id=3"},"modified":"2023-09-28T08:02:24","modified_gmt":"2023-09-28T08:02:24","slug":"datenschutz","status":"publish","type":"page","link":"https:\/\/ekotasche.com\/?page_id=3","title":{"rendered":"Datenschutz"},"content":{"rendered":"\n<p>Wir freuen uns \u00fcber Ihr Interesse an unserer Website. Der Schutz Ihrer Privatsph\u00e4re ist f\u00fcr uns sehr wichtig. Nachstehend informieren wir Sie ausf\u00fchrlich \u00fcber den Umgang mit Ihren Daten.<\/p>\n\n\n\n<h2 class=\"wp-block-heading\"><strong>Erhebung, Verarbeitung und Nutzung Ihrer Daten<\/strong><\/h2>\n\n\n\n<p>Sie k\u00f6nnen unsere Seite besuchen, ohne Angaben zu Ihrer Person zu machen. Wir speichern lediglich Zugriffsdaten ohne Personenbezug wie z.B. den Namen Ihres Internet Service Providers, die Seite, von der aus Sie uns besuchen oder den Namen der angeforderten Datei, das Datum und die Uhrzeit Ihres Seitenbesuchs. Diese Daten werden ausschlie\u00dflich zur Verbesserung unseres Angebotes ausgewertet und erlauben keinen R\u00fcckschluss auf Ihre Person.<\/p>\n\n\n\n<p>Die Server-Logfiles werden gem\u00e4\u00df Art. 6 Abs 1 b DSGVO verarbeitet. Wir haben ein berechtigtes Interesse daran die Funktionalit\u00e4t und Stabilit\u00e4t unseres Online-Angebots zu pr\u00fcfen, zu optimieren, Fehler entdecken und beseitigen zu k\u00f6nnen. Server-Logfiles werden in keiner Weise weiterverarbeitet oder weitergegeben.<\/p>\n\n\n\n<p>Allerdings weisen wir darauf hin, dass im Falle rechtswidriger Handlungen die Logfiles an staatliche Stellen zu Ermittlungszwecken zur Verf\u00fcgung gestellt werden k\u00f6nnen.<\/p>\n\n\n\n<p>Personenbezogene Daten werden nur erhoben, wenn Sie uns diese im Rahmen Ihrer Warenbestellung, bei Er\u00f6ffnung eines Kundenkontos, Registrierung f\u00fcr unseren Newsletter oder im Kontaktformular freiwillig mitteilen. Wir verwenden die von ihnen mitgeteilten Daten ohne Ihre gesonderte Einwilligung ausschlie\u00dflich zur Erf\u00fcllung und Abwicklung Ihrer Bestellung oder Anfragen. Mit vollst\u00e4ndiger Abwicklung des Vertrages und vollst\u00e4ndiger Kaufpreiszahlung werden Ihre Daten f\u00fcr die weitere Verwendung gesperrt und nach Ablauf der steuer- und handelsrechtlichen Aufbewahrungsfristen gel\u00f6scht, sofern Sie nicht ausdr\u00fccklich in die weitere Nutzung Ihrer Daten eingewilligt haben oder unsererseits ein berechtigtes Interesse an der Weiterspeicherung besteht. Bei Anmeldung zum Newsletter wird Ihre E-Mail-Adresse mit Ihrer Einwilligung ausschlie\u00dflich f\u00fcr eigene Werbezwecke genutzt, bis Sie sich vom Newsletter abmelden. Die Abmeldung ist jederzeit m\u00f6glich.<\/p>\n\n\n\n<h2 class=\"wp-block-heading\"><strong>Verwendung von Cookies<\/strong><\/h2>\n\n\n\n<p>Wir verwenden auf unserer Internetseite nur technisch notwendige Session-Cookies, die bestimmte Einstellungen (z.B. den Warenkorb, Spracheinstellungen oder Log-in-Daten speichern).<br>Gem\u00e4\u00df Art. 5 Abs. 3 der Cookie-Richtlinie 2002\/58 \/ EG) entf\u00e4llt hierf\u00fcr eine Einwilligungspflicht (Zustimmung zu Cookies)<\/p>\n\n\n\n<h2 class=\"wp-block-heading\"><strong>Weitergabe personenbezogener Daten<\/strong><\/h2>\n\n\n\n<p>Eine Weitergabe Ihrer Daten an Dritte ohne Ihre ausdr\u00fcckliche Einwilligung erfolgt nicht. Ausgenommen hiervon sind lediglich unsere Dienstleistungs- und Vertragspartner, die wir zur Abwicklung des Vertragsverh\u00e4ltnisses ben\u00f6tigen. In diesen F\u00e4llen beachten wir strikt die Vorgaben der Datenschutzgrundverordnung. Der Umfang der Daten\u00fcbermittlung beschr\u00e4nkt sich auf ein Mindestma\u00df.<\/p>\n\n\n\n<p>Rechtsgrundlage der Weitergabe der Daten ist Art. 6 Abs. 1 lit. b DSGVO.<\/p>\n\n\n\n<h2 class=\"wp-block-heading\"><strong>Kontaktformular \u2013 Kontakt per Email<\/strong><\/h2>\n\n\n\n<p>Bei Verwendung unseres Kontaktformulars und bei Zusendung einer Email werden personenbezogene Daten erhoben, deren Daten sich aus dem Kontaktformular bzw. aus dem Inhalt Ihrer Email ergeben.<\/p>\n\n\n\n<p>Wir verwenden diese Daten ausschlie\u00dflich, um Ihr Anliegen zu beantworten und die daf\u00fcr notwendige technische Administration. Ihr Anliegen zu beantworten ist unser berechtigtes Interesse gem\u00e4\u00df Art. 6 Abs. 1 lit.b DSGVO. Betrifft der Kontakt die M\u00f6glichkeit eines Vertragsabschlusses findet die Rechtsgrundlage aus Art. 6 Abs. 1 lit. b DSVGO Anwendung.<\/p>\n\n\n\n<p>Die Daten werden bei uns gel\u00f6scht, wenn ersichtlich ist, dass Ihr Anliegen abschlie\u00dfend gekl\u00e4rt wurde, keine gesetzlichen Aufbewahrungspflichten bestehen und davon auszugehen ist, dass keine Anschlussanfragen folgen.<\/p>\n\n\n\n<h2 class=\"wp-block-heading\"><strong>Registrierung und Er\u00f6ffnung eines Benutzerkontos<\/strong><\/h2>\n\n\n\n<p>Auf unserer Internetseite erheben und verarbeiten wir personenbezogene Daten gem\u00e4\u00df Art. 6 Abs. 1 lit. b DSGVO, wenn Sie ein Kunden-\/Benutzerkonto er\u00f6ffnen oder \u00fcber unseren Onlineshop einen Vertrag abschlie\u00dfen. Die erhobenen Daten ergeben sich aus den jeweiligen Formularen. Ihr Kundenkonto k\u00f6nnen Sie jederzeit selbst online l\u00f6schen oder durch uns l\u00f6schen lassen.<\/p>\n\n\n\n<p>Die von Ihnen \u00fcbermittelten Daten verwenden wir ausschlie\u00dflich zur Durchf\u00fchrung des Vertrages. Nach vollst\u00e4ndiger Abwicklung oder L\u00f6schung des Benutzerkontos werden die Daten gesperrt und innerhalb der steuer- und handelsrechtlichen Aufbewahrungspflichten bei uns archiviert. Nach Ablauf der Fristen l\u00f6schen wir diese Daten, sofern wir uns nicht eine gesetzlich erlaubte weitere Datenverwendung vorbehalten, zum Beispiel gem\u00e4\u00df \u00a7 7 UWG oder Sie ausdr\u00fccklich in eine weitere Nutzung eingewilligt haben.<\/p>\n\n\n\n<h2 class=\"wp-block-heading\"><strong>Bonit\u00e4tspr\u00fcfung<\/strong><\/h2>\n\n\n\n<p>Um Ihre und die Sicherheit des Betreibers zu gew\u00e4hrleisten, behalten wir uns das Recht auf eine Bonit\u00e4tspr\u00fcfung vor Abschluss eines Vertrags vor. Nebst einer Pr\u00fcfung der vergangenen Transaktionen mit dem Betreiber und eventueller \u00c4nderungen Ihrer pers\u00f6nlichen Daten greift der Betreiber ebenfalls auf dritte Dienstleister zur\u00fcck. Ihre Personendaten (Firmenname, Adresse) werden im Falle einer Bonit\u00e4tspr\u00fcfung an die Creditreform Bamberg-Coburg-Gera Titze KG, Creidlitzer Str. 28, 96450 Coburg, gesendet.<\/p>\n\n\n\n<h2 class=\"wp-block-heading\"><strong>Auskunftsrecht<\/strong><\/h2>\n\n\n\n<p>Gem\u00e4\u00df Datenschutz-Grundverordnung (DSGVO) haben Sie jederzeit ein Recht auf unentgeltliche Auskunft \u00fcber Ihre gespeicherten Daten sowie ggf. ein Recht auf Berichtigung, Sperrung oder L\u00f6schung dieser Daten.<strong>Ansprechpartner f\u00fcr Datenschutz<\/strong><\/p>\n\n\n\n<p>Bei Fragen zur Erhebung, Verarbeitung oder Nutzung Ihrer personenbezogenen Daten, bei Ausk\u00fcnften, Berichtigung, Sperrung oder L\u00f6schung von Daten sowie Widerruf erteilter Einwilligungen wenden Sie sich bitte an: B\u00c4GS &amp; G\u00c4GS, Uwe Dechant, uwedechant(at)bagsgags.de<\/p>\n\n\n\n<h2 class=\"wp-block-heading\"><strong>Datensicherheit<\/strong><\/h2>\n\n\n\n<p>Eine Verbindung zu dieser Seite erfolgt verschl\u00fcsselt (SSL- bzw. TLS). Dies dient dem Schutz der \u00dcbertragung von personenbezogenen Daten und anderer vertraulicher Inhalte. Vertrauliche Inhalte sind zum Beispiel Anfragen, Bestellungen oder die Kontaktaufnahme \u00fcber unser Kontaktformular. Die Sicherheit der Verbindung erkennen Sie an einem Schlosssymbol in Ihrer Browseradressleiste.<\/p>\n","protected":false},"excerpt":{"rendered":"<p>Wir freuen uns \u00fcber Ihr Interesse an unserer Website. Der Schutz Ihrer Privatsph\u00e4re ist f\u00fcr uns sehr wichtig. Nachstehend informieren<\/p>\n","protected":false},"author":1,"featured_media":0,"parent":0,"menu_order":0,"comment_status":"closed","ping_status":"closed","template":"","meta":{"_joinchat":[],"footnotes":""},"class_list":["post-3","page","type-page","status-publish","hentry"],"_links":{"self":[{"href":"https:\/\/ekotasche.com\/index.php?rest_route=\/wp\/v2\/pages\/3","targetHints":{"allow":["GET"]}}],"collection":[{"href":"https:\/\/ekotasche.com\/index.php?rest_route=\/wp\/v2\/pages"}],"about":[{"href":"https:\/\/ekotasche.com\/index.php?rest_route=\/wp\/v2\/types\/page"}],"author":[{"embeddable":true,"href":"https:\/\/ekotasche.com\/index.php?rest_route=\/wp\/v2\/users\/1"}],"replies":[{"embeddable":true,"href":"https:\/\/ekotasche.com\/index.php?rest_route=%2Fwp%2Fv2%2Fcomments&post=3"}],"version-history":[{"count":1,"href":"https:\/\/ekotasche.com\/index.php?rest_route=\/wp\/v2\/pages\/3\/revisions"}],"predecessor-version":[{"id":15936,"href":"https:\/\/ekotasche.com\/index.php?rest_route=\/wp\/v2\/pages\/3\/revisions\/15936"}],"wp:attachment":[{"href":"https:\/\/ekotasche.com\/index.php?rest_route=%2Fwp%2Fv2%2Fmedia&parent=3"}],"curies":[{"name":"wp","href":"https:\/\/api.w.org\/{rel}","templated":true}]}}