{"id":15787,"date":"2023-09-25T14:29:23","date_gmt":"2023-09-25T14:29:23","guid":{"rendered":"https:\/\/ekotasche.com\/?post_type=product&#038;p=15787"},"modified":"2023-09-27T09:15:00","modified_gmt":"2023-09-27T09:15:00","slug":"schlaufentragetasche","status":"publish","type":"product","link":"https:\/\/ekotasche.com\/?product=schlaufentragetasche","title":{"rendered":"Schlaufentragetasche 30x35x5 cm"},"content":{"rendered":"<h2 class=\"h3 mt-0\">Beschreibung<\/h2>\n<ul>\n<li>\n<h3>Schlaufentragetasche,Plastikt\u00fcten-Plastikbeutel LDPE<\/h3>\n<p>LDPE Tragetaschen sind die g\u00e4ngigste und\u00a0beliebtesten\u00a0Tragetaschen.<\/p>\n<p>Sie k\u00f6nnen mit oder ohne Bodenfalte gefertigt werden,\u00a0haben einen noblen Schlaufengriff oder eine kosteng\u00fcnstige Grifflochstanzung.\u00a0Tragetaschen, die\u00a0viel tragen m\u00fcssen,\u00a0werden\u00a0mit einer\u00a0DKT-Griffverst\u00e4rkung gefertigt. DKT steht f\u00fcr &#8220;Doppel-Kraft-Tragegriff&#8221;, d.h. diese Tasche ist gut belastbar.<\/p>\n<p>Diese schicke, praktische und vor allem g\u00fcnstige Einkaufstaschen ist sehr beliebt.<\/p>\n<p>Wir haben ein gro\u00dfes Einkaufstaschen Sortiment bereitgestellt, das Sie mehr als \u00fcberzeugen wird. Wir haben seit Jahren gro\u00dfe Erfahrungen auf diesem Gebiet und wissen, worauf es hierbei ankommt. Wir bieten Ihnen ein \u00fcberragendes Einkaufstaschen Angebot, das Sie sich in unserem Online-Shop ansehen sollten.<\/p>\n<p>St\u00f6bern Sie in unserem Programm. Sie werden schnell merken, wie vielf\u00e4ltig Sie bei uns bestellen k\u00f6nnen. Selbst wenn Sie einen kleineren Laden besitzen, machen sich optisch angenehme Einkaufstaschen immer bezahlt.<\/p>\n<p>Diese Taschen k\u00f6nnen auch Ihr Logo tragen Ihr und Ihre Philosophie nach au\u00dfen \u2013 Ihre Chance f\u00fcr einen gezielten Werbeauftritt.<\/p>\n<p>Selbstverst\u00e4ndlich k\u00f6nnen sich auch Superm\u00e4rkte in unserem umfassenden Online-Angebot f\u00fcr sch\u00f6ne Einkaufstaschen umschauen. Welche Farben, Formen, Gr\u00f6\u00dfen, Designs auch suchen \u2013 wir sind uns sicher, dass Sie bei uns f\u00fcndig werden. Wenn Sie Fragen zu unserem Programm haben und Sie weitere Informationen ben\u00f6tigen, nehmen Sie gerne Kontakt zu uns auf. Wir helfen Ihnen jederzeit weiter und beraten Sie gern! Wir stehen zu Ihrer Verf\u00fcgung, damit Sie schon bald die richtige Einkaufstasche in Empfang nehmen k\u00f6nnen.<\/p>\n<p>&nbsp;<\/li>\n<\/ul>\n<p><strong>Produktdetails:<\/strong><\/p>\n<table border=\"1\">\n<tbody>\n<tr>\n<td>Material<\/td>\n<td>LDPE-COEX<\/td>\n<\/tr>\n<tr>\n<td>Farbe<\/td>\n<td>Wei\u00df<\/td>\n<\/tr>\n<tr>\n<td>St\u00e4rke<\/td>\n<td>60 my<\/td>\n<\/tr>\n<tr>\n<td>Gr\u00f6\u00dfe<\/td>\n<td>30x35x5cm<\/td>\n<\/tr>\n<tr>\n<td>Besondere Eigenschaften<\/td>\n<td>\n<ul>\n<li>DKT (Grifflochverst\u00e4rkung)<\/li>\n<li>100 % recyclebar<\/li>\n<li>sehr stabil und rei\u00dffest<\/li>\n<li>lebensmittelgeeignet<\/li>\n<li>wiederverwendbar<\/li>\n<\/ul>\n<\/td>\n<\/tr>\n<\/tbody>\n<\/table>\n<p>&nbsp;<\/p>\n<p>&nbsp;<\/p>\n<p>&nbsp;<\/p>\n<h4><strong>G\u00fcnstige und Gro\u00dfhandel bedruckte Plastikt\u00fcten: Die umweltfreundliche Wahl f\u00fcr Ihr Unternehmen<\/strong><\/h4>\n<p>In einer Zeit, in der Umweltbewusstsein an Bedeutung gewinnt, bieten bedruckte Plastikt\u00fcten eine kosteng\u00fcnstige und dennoch umweltfreundliche L\u00f6sung f\u00fcr Unternehmen. Diese Taschen kombinieren die Vielseitigkeit von Plastik mit biofreundlichen Eigenschaften, um die Umweltauswirkungen zu minimieren.Die Vorteile von bedruckten Plastikt\u00fcten mit biofreundlichen Eigenschaften im \u00dcberblick:Umweltfreundlichkeit: Diese Plastikt\u00fcten werden aus biologisch abbaubarem Material hergestellt, das schneller abgebaut wird und weniger sch\u00e4dliche R\u00fcckst\u00e4nde in der Umwelt hinterl\u00e4sst. Sie sind eine umweltfreundlichere Alternative zu herk\u00f6mmlichen Plastikt\u00fcten.Kosteneffizienz: Der Gro\u00dfeinkauf von bedruckten Plastikt\u00fcten im Gro\u00dfhandel bietet kosteng\u00fcnstige L\u00f6sungen f\u00fcr Unternehmen, ohne Kompromisse bei der Qualit\u00e4t oder Umweltvertr\u00e4glichkeit einzugehen.Anpassbarkeit: Diese Taschen k\u00f6nnen individuell bedruckt werden, um Ihre Marke und Botschaft effektiv zu pr\u00e4sentieren. Sie sind eine M\u00f6glichkeit, Ihre Werbebotschaft zu verbreiten, w\u00e4hrend Sie gleichzeitig Ihre Verpflichtung zur Nachhaltigkeit demonstrieren.Vielseitigkeit: Bedruckte Plastikt\u00fcten eignen sich nicht nur f\u00fcr den Einzelhandel, sondern auch f\u00fcr Messen, Veranstaltungen und Promotionen. Sie sind \u00e4u\u00dferst vielseitig und k\u00f6nnen f\u00fcr verschiedene Zwecke angepasst werden.Kundenbindung: Das Angebot umweltfreundlicher Optionen zeigt Ihren Kunden, dass Sie sich f\u00fcr Nachhaltigkeit interessieren. Dies kann die Kundenbindung st\u00e4rken und Ihr Image positiv beeinflussen.G\u00fcnstige und im Gro\u00dfhandel erh\u00e4ltliche bedruckte Plastikt\u00fcten mit biofreundlichen Eigenschaften bieten Unternehmen die M\u00f6glichkeit, ihre Umweltverantwortung zu demonstrieren, ohne auf praktische und kosteng\u00fcnstige L\u00f6sungen zu verzichten. Sie sind eine ausgezeichnete Wahl f\u00fcr Unternehmen, die sowohl die Umwelt als auch ihre Markenbekanntheit im Blick haben.<\/p>\n<p>&nbsp;<\/p>\n","protected":false},"excerpt":{"rendered":"<p>Beschreibung Schlaufentragetasche,Plastikt\u00fcten-Plastikbeutel LDPE LDPE Tragetaschen sind die g\u00e4ngigste und\u00a0beliebtesten\u00a0Tragetaschen. Sie k\u00f6nnen mit oder ohne Bodenfalte gefertigt werden,\u00a0haben einen noblen Schlaufengriff<\/p>\n","protected":false},"featured_media":15844,"comment_status":"open","ping_status":"closed","template":"","meta":{"_joinchat":[]},"product_cat":[230],"product_tag":[273,270,235,241,237,267,271,254,252,253,258,256,263,266,128,243,247,251,239,268,264,238,236,269,260,259,272,246,250,231,232,233,261,234,274,255,240,242,248,249,131,244,245,262,257,265],"class_list":{"0":"post-15787","1":"product","2":"type-product","3":"status-publish","4":"has-post-thumbnail","6":"product_cat-plastiktaschen","7":"product_tag-apothekentasche","8":"product_tag-bastel","9":"product_tag-bedruckbare-taschen","10":"product_tag-bedruckte-jutebeutel","11":"product_tag-bedruckte-plastik-hemdchentaschen","12":"product_tag-bio-artikel","13":"product_tag-burobedarf","14":"product_tag-einkaufstasche-kunststoff-geflochten","15":"product_tag-einkaufstasche-kunststoff-gros","16":"product_tag-einkaufstasche-plastik-klein","17":"product_tag-einkaufstasche-shopper","18":"product_tag-einkaufstaschen-kunststoff-faltbar","19":"product_tag-einkaufstuten-kaufen","20":"product_tag-gastronomie","21":"product_tag-groshandel-taschen","22":"product_tag-handtaschen-groshandel-fur-wiederverkaufer","23":"product_tag-handtaschen-gunstig-deichmann","24":"product_tag-handtaschen-online-kaufen-gunstig","25":"product_tag-hemdchentaschen","26":"product_tag-hygieneartikel","27":"product_tag-ldpe-tragetasche","28":"product_tag-markt-tasche","29":"product_tag-maxilia-tascheni-tragetaschen-einzelhandeli-druckverschlussbeutel-bedrucken","30":"product_tag-party","31":"product_tag-plastikbeutel-mit-henkel","32":"product_tag-plastiktasche-ld-pe-bio-mit-griffloch","33":"product_tag-plastiktasche-ld-pe-bio-mit-griffloch-fur-apotheke","34":"product_tag-plastiktaschen-kaufen","35":"product_tag-plastiktute-bedrucken","36":"product_tag-plastiktuten-bedrucken-kleine-mengen","37":"product_tag-plastiktuten-kaufen","38":"product_tag-plastiktuten-mit-logo","39":"product_tag-plastiktuten-restposten","40":"product_tag-recycling-plastiktuten-bedrucken","41":"product_tag-schlaufentragetasche","42":"product_tag-shopper-tasche-kunststoff","43":"product_tag-siebdruck-groshandel","44":"product_tag-t-shirt-groshandel-fur-wiederverkaufer","45":"product_tag-tasche-online-kaufen","46":"product_tag-taschen-billig","47":"product_tag-textil-groshandel","48":"product_tag-textil-groshandel-eu-erfahrung","49":"product_tag-tote-bag-bedrucken-diy","50":"product_tag-tragetasche-kunststoff-gros","51":"product_tag-tragetasche-plastik","52":"product_tag-verpackungen","54":"first","55":"instock","56":"shipping-taxable","57":"product-type-external"},"_links":{"self":[{"href":"https:\/\/ekotasche.com\/index.php?rest_route=\/wp\/v2\/product\/15787","targetHints":{"allow":["GET"]}}],"collection":[{"href":"https:\/\/ekotasche.com\/index.php?rest_route=\/wp\/v2\/product"}],"about":[{"href":"https:\/\/ekotasche.com\/index.php?rest_route=\/wp\/v2\/types\/product"}],"replies":[{"embeddable":true,"href":"https:\/\/ekotasche.com\/index.php?rest_route=%2Fwp%2Fv2%2Fcomments&post=15787"}],"version-history":[{"count":3,"href":"https:\/\/ekotasche.com\/index.php?rest_route=\/wp\/v2\/product\/15787\/revisions"}],"predecessor-version":[{"id":15843,"href":"https:\/\/ekotasche.com\/index.php?rest_route=\/wp\/v2\/product\/15787\/revisions\/15843"}],"wp:featuredmedia":[{"embeddable":true,"href":"https:\/\/ekotasche.com\/index.php?rest_route=\/wp\/v2\/media\/15844"}],"wp:attachment":[{"href":"https:\/\/ekotasche.com\/index.php?rest_route=%2Fwp%2Fv2%2Fmedia&parent=15787"}],"wp:term":[{"taxonomy":"product_cat","embeddable":true,"href":"https:\/\/ekotasche.com\/index.php?rest_route=%2Fwp%2Fv2%2Fproduct_cat&post=15787"},{"taxonomy":"product_tag","embeddable":true,"href":"https:\/\/ekotasche.com\/index.php?rest_route=%2Fwp%2Fv2%2Fproduct_tag&post=15787"}],"curies":[{"name":"wp","href":"https:\/\/api.w.org\/{rel}","templated":true}]}}